 Let m(f) = -3*q(f) - 4*s(f). Determine m(6).
-2
Suppose -3*t + 3 = -3. Let z(r) = -r - 4*r - 2*r**2 + t*r + r**2. Calculate z(-3).
0
Let n(j) = j - 3. Let i = -26 - -25. Let a be 3 + i + 7 + -5. Calculate n(a).
1
Let y be (26/(-3) - 0) + 84/(-63). Let i be 1/(22/y - -2). Let n(b) = 2*b**2 + 7*b - 1. Determine n(i).
14
Suppose -192 = 16*z - 336. Let c(t) = -t**2 + 13*t - 4. Determine c(z).
32
Let j(f) = -2*f - 14. Let k be j(-8). Suppose k*g + 3*b = 11, -g + 6*b + 11 = 2*b. Let p(t) = t**2 + g + t**3 + 2*t - t - t**2 - 5*t**2. Give p(5).
12
Let j(b) = -2*b + 6. Let h(v) = 1. Let q = -82 + 81. Let k(f) = q*j(f) + 5*h(f). Calculate k(-1).
-3
Suppose 68 = -3*m - 1. Let j = m - -28. Let l(i) = -i**2 + 3*i + 3. Calculate l(j).
-7
Let n(o) = -o + 1. Let j(a) = 6*a + 3. Let i(b) = -j(b) + 4*n(b). Let h(u) = -4*u - 2*u + u + 0*u. Let z(y) = 7*h(y) - 3*i(y). What is z(-4)?
17
Let p(z) = -z**3 + 8*z**2 - z - 3. Let a(v) = -v. Let f(y) = -6*a(y) - p(y). Give f(7).
3
Let k(d) = -d**2 - 2*d + 15. Let j be k(-11). Let m = j + 91. Let z(u) = 2*u + 5. Determine z(m).
19
Let k(r) = 2*r**2 - r - 8. Let w(y) = y**2 - 4. Let p(s) = -3*k(s) + 5*w(s). Suppose 4*t = 5*t - 5. Calculate p(t).
-6
Let v(a) be the second derivative of -5*a**3/6 - 3*a**2/2 + 5*a + 22. What is v(2)?
-13
Let z(j) = 4*j - 5*j - 6 + 4 + 0 + 7*j. Determine z(2).
10
Let h = 197 + -192. Let u(f) = f**3 - 5*f**2 - 5*f + 4. What is u(h)?
-21
Let n(r) = -2*r**3 - r + 3. Suppose -64*h = -42 + 170. Calculate n(h).
21
Suppose 0*r + r - 7 = 0. Let z be 1/(-2)*(-70)/r. Let p(f) = 2 + 3472*f - 3466*f - 1 - f**2. What is p(z)?
6
Let h(q) = 33 - 66 + 35 - 7*q. Give h(3).
-19
Let i(c) be the second derivative of 0 - 1/24*c**4 + 0*c**2 + 2/3*c**3 - 5*c - 3/40*c**5. Let d(k) be the second derivative of i(k). Determine d(1).
-10
Let v(u) = -u**3 - 5*u**2 + u + 7. Let f = 11 + -16. Let m be v(f). Let b(t) = 0*t**2 - t**3 + 3*t**m + 6 + 4*t - 7*t**2. Calculate b(-5).
11
Let b(q) = 9*q + 12. Let i(w) = -38*w - 48. Let y(p) = 9*b(p) + 2*i(p). Calculate y(-5).
-13
Let a(r) = r + 7. Let m be a(-3). Let v(p) = -m + 2*p + p**3 + 1 + 2 + 0 + 3*p**2. Give v(-2).
-1
Let s(d) = d**3 - 13*d**2 + 13*d - 2. Let x be -4*(-4 + (5 - 4)). What is s(x)?
10
Let d(z) = z**3 - 7*z**2 + z - 13. Let n be d(7). Let v = n + 5. Let i(r) = -7*r**3 - r - 1. Calculate i(v).
7
Let d be ((-6)/4)/((-3)/4). Let u = 26 - 22. Let k(i) = 4 + i**2 - 2*i - 2*i - u + 3. Give k(d).
-1
Let y = 572 - 571. Let u(x) = 2*x. What is u(y)?
2
Let v(r) be the third derivative of -r**4/12 - r**3/3 - 28*r**2. Calculate v(-4).
6
Let m(d) = 3*d**2 + d + 8. Let k(t) = 3*t**2 + 7. Let o(n) = -5*k(n) + 4*m(n). Let j(a) = 2*a**3 + 6*a**2 + a + 5. Let i be j(-3). Give o(i).
-7
Let l(h) = -9*h**2 - 5*h + 9. Let r(d) = 19*d**2 + 8*d - 15. Let s(q) = -5*l(q) - 3*r(q). Give s(-1).
-13
Suppose -k = 2*k + 12. Let i be (-1 - (-1)/2)*k. Let b(w) = i*w - 8*w - 4 - w**2 - 2. Give b(-5).
-1
Suppose 14 = -f + 5*m, -f + 3*m = m + 5. Let r(q) = -3*q**3 + q**2. Calculate r(f).
-2
Let z(o) = 3 - 6*o**3 + 4 - 4*o + 5*o**3 + o - 6*o**2. Give z(-5).
-3
Let j(b) = -43*b + 108. Let c(d) = -11*d + 30. Let x(k) = 11*c(k) - 3*j(k). Give x(-4).
-26
Let o(n) be the first derivative of -n**5/60 - n**4/8 - n**3/2 + 27*n**2/2 - 32. Let t(w) be the second derivative of o(w). Give t(-3).
-3
Suppose v = -3*c + 17, 2*c - 4*v + 4 - 20 = 0. Let y(n) = 0*n**2 - 10*n + 0*n**2 + 2*n**2 + 16*n - 3*n**2. Calculate y(c).
0
Let v be 14/((-7)/((-21)/6)). Suppose -b + 3*i = -5, 20 = v*b - 3*b + 4*i. Suppose -b + 3 = -2*t. Let g(a) = -a + 1. Determine g(t).
0
Suppose -6*v = 5*v - 55. Let k be (7 - v)/((-4)/6). Let t(c) = c**3 + 3*c**2 + c + 3. Determine t(k).
0
Let q be (-8)/36 + 10/45. Let n(w) = w + 29. What is n(q)?
29
Suppose 4 = f - 2*f + 3*j, -f + 4*j - 7 = 0. Let a(w) = -w**2 + 7*w - 3. Give a(f).
7
Let p(g) be the first derivative of 4*g**3/3 - g**2 + g - 1. Let c(q) = q**2 + 3*q + 4. Let j be c(-3). Suppose t + j*t - 5 = 0. What is p(t)?
3
Let g(b) = -519*b + 21. Let t(r) = 77*r - 3. Let y(d) = -4*g(d) - 27*t(d). Let f be (-1 - 1)/(-2) + -4. Calculate y(f).
6
Let d(g) = 10*g + 949. Let z be d(-95). Let h(u) = -2*u + 28*u**2 - 9*u**2 + 3*u. Calculate h(z).
18
Let w(t) = t**2 - 109*t**3 + 71*t**3 + t**2 - 1. Determine w(1).
-37
Let y = 19 - 30. Let c(v) = -v - 10. Let i be c(y). Let k(b) = -3 + 5*b + b + 1 + 1. Determine k(i).
5
Let h(t) be the third derivative of t**4/24 - 2*t**3 - 2*t**2 + 2. Let r be 3/18 - (-105)/18. What is h(r)?
-6
Let l(k) be the second derivative of k**8/6720 - k**7/504 + k**6/180 + k**5/60 - 2*k**4/3 + 17*k. Let y(m) be the third derivative of l(m). Determine y(4).
2
Let m(f) = f - 5. Suppose 0 = -6*c - c. Calculate m(c).
-5
Suppose -2*p = -2*d - 2 - 20, -2*d - p = 7. Let i(y) = 3*y**2 + 943*y - 4*y**2 + 6 - 951*y. Determine i(d).
18
Let k(x) = -x**3 + x**2 - x - 1. Let t = 1257 + -1254. Give k(t).
-22
Let o = 1869 + -888. Let j(c) = -c**3 + 980 - o - 2*c**3 + c. Calculate j(-2).
21
Let n(w) = 26*w - 2. Let r be n(1). Suppose -r = 5*i + 1. Let q(t) = -t - 4. What is q(i)?
1
Suppose -y + 6 - 1 = 0. Suppose y*a + 5 = -25. Let r = 0 + a. Let v(x) = -x**3 - 5*x**2 + 4*x - 6. Determine v(r).
6
Let c(m) = -4*m - 4. Let y = 1173 + -1176. What is c(y)?
8
Let y(b) = -40*b**2 - 2*b + 1. Let n = -20 - -21. Give y(n).
-41
Suppose 2*o - 2 = -4*s, -5 = o - 5*s + 8. Let n(q) = q**3 - q**2 - 2*q - 1. Let x(j) = 4*j**3 - 7*j**2 - 10*j - 9. Let a(c) = o*n(c) + x(c). What is a(5)?
-1
Suppose 0*p + 20 = 4*p. Let k = 10 - p. Let w(v) = -v**3 + v**2 + 19*v - 3. Let n(l) = l**3 - 24*l + 4. Let d(g) = 4*n(g) + 5*w(g). What is d(k)?
-4
Let a = 7 - 0. Let f(l) = 10 - 7*l + 3*l**2 + 6*l + l + 10*l. Let m(p) = -5*p**2 - 19*p - 19. Let o(j) = a*f(j) + 4*m(j). What is o(7)?
1
Let r(t) = 8 - 5*t**3 - 6 + 7*t**3 - t. Determine r(-2).
-12
Let q(b) be the third derivative of 1/2*b**3 + 1/12*b**4 + 3*b**2 + 0*b - 1/60*b**5 + 0. Calculate q(-2).
-5
Let z(r) = r**2 + 10*r + 5. Let y(n) = -n**2 - 10*n - 5. Let o(x) = 4*y(x) + 5*z(x). Suppose 38*s - 37*s + 9 = 0. Determine o(s).
-4
Let n(z) be the first derivative of z**2 - 147. Determine n(-6).
-12
Let i(n) = -4*n - 27. Let l be i(-6). Let a(q) = 2*q**3 + 3*q**2 - 3*q - 4. Calculate a(l).
-22
Let u = -46 - -37. Let h = 11 + u. Let l(k) = 3*k + 8. Let n(t) = 5*t + 15. Let j(a) = 7*l(a) - 4*n(a). Determine j(h).
-2
Suppose -5*n - 35 = -5*i, -14 = -5*i - 2*n + 7. Let k(m) = -7 + 3 - 2 - m**2 + 4*m + m. Calculate k(i).
-6
Let y(o) = -6*o - 3. Let s be y(-1). Let m(l) = l**s + 2*l**2 + 5*l - l**2 + 2*l**2 + 2*l**2 + 5. Give m(-4).
1
Let t be -1*(-3)/2*24/18. Let z(o) = -o**3 + 2*o**2 + o + 1. Let a be z(t). Let b(r) = r**3 - 2*r**2 + 2*r - 1. Calculate b(a).
14
Suppose 5*a + 0*a = 30. Let o(q) = q**3. Let c(f) = 10 + 5 + 6*f**2 + 5*f**3 - 12*f**3 - 16. Let n(s) = a*o(s) + c(s). What is n(6)?
-1
Let v(l) be the first derivative of -1/2*l**2 - 6*l - 30. Calculate v(-6).
0
Let t be 16/(-8)*4/2. Let w be t/14 - (-18)/14. Let y(h) = h**3 + 1. Let n(c) = -2*c**3 + 6*c**2 - 6*c + 1. Let s(m) = w*n(m) + y(m). Calculate s(4).
10
Let r be (3/(-6)*3)/((-3)/6). Let u(c) = 4*c - 17. Let y be u(r). Let m(x) = -x**2 - 2*x - 5. Calculate m(y).
-20
Let y = 0 - 3. Let x be -2*3/y*2. Let n(c) = c - 4 + x - 12. Give n(7).
-5
Let q(d) be the third derivative of -d**5/40 + 5*d**4/24 + d**3 - 7*d**2. Let m(w) be the first derivative of q(w). Determine m(5).
-10
Suppose 7*p = 11*p + 12. Let v = -14 + 16. Let a(s) = 2 + s + 2*s + 24*s**v - 23*s**2. Give a(p).
2
Let f(s) = s + 8. Let h be f(11). Let u(p) = 53*p - 14*p - 12 - h*p - 18*p. Calculate u(8).
4
Let b(l) = 3*l + 5. Suppose x + 8 + 2 = -2*v, 20 = -5*v. Determine b(x).
-1
Suppose -3*u + 2*t - 10 = -3*t, 0 = -5*u - 4*t + 8. Let x(c) = c**2 - c + 48. Give x(u).
48
Let l be 5 + 1 - (-4 - -8). Suppose l*q - p + 6 = 15, -2*q - 6 = 4*p. Let s(u) = 7*u - 2. Give s(q).
19
Let w(h) = -2 + 3 + 0 - h. Suppose 15 = -3*a - 2*a, -2 = -m + 2*a. Let g be (-12)/m - -2*(-15)/6. What is w(g)?
3
Suppose 5*r = -4*v - 6 + 21, -5*v + 15 = 5*r. Let a(l) = 6*l**2 + 3*l - 2. What is a(r)?
61
Let i(d) be the third derivative of d**5/60 + 5*d**4/8 + 59*d**3/6 + 519*d**2. Give i(-6).
5
Let k(j) = -j**3 - j**2 + 2*j - 2. Let b be 6 + (-8)/(-2) + -3. Suppose 0*x - b 